 1215 and 225.
45
What is the greatest common factor of 10237 and 1?
1
What is the greatest common factor of 2520 and 245?
35
What is the highest common factor of 15 and 15?
15
What is the greatest common factor of 17 and 68?
17
Calculate the greatest common factor of 104 and 2340.
52
Calculate the highest common factor of 144 and 6912.
144
Calculate the highest common factor of 13 and 832.
13
What is the highest common factor of 150 and 180?
30
Calculate the greatest common factor of 2938 and 13.
13
What is the greatest common factor of 414 and 18?
18
Calculate the greatest common factor of 34375 and 110.
55
Calculate the highest common factor of 273 and 182.
91
What is the greatest common divisor of 518 and 154?
14
Calculate the highest common factor of 270 and 2400.
30
What is the greatest common factor of 1240 and 20?
20
What is the highest common divisor of 12 and 1362?
6
Calculate the greatest common factor of 1600 and 50.
50
What is the greatest common factor of 138 and 46?
46
What is the highest common factor of 299 and 65?
13
Calculate the greatest common divisor of 210 and 70.
70
Calculate the greatest common factor of 492 and 12.
12
What is the highest common factor of 87 and 6?
3
Calculate the greatest common factor of 210 and 165.
15
What is the highest common factor of 1 and 99?
1
Calculate the greatest common factor of 477 and 106.
53
What is the greatest common divisor of 909 and 189?
9
Calculate the greatest common divisor of 74 and 333.
37
What is the greatest common factor of 533 and 65?
13
What is the highest common divisor of 363 and 3828?
33
Calculate the greatest common divisor of 32 and 592.
16
What is the highest common divisor of 485 and 7857?
97
Calculate the highest common factor of 10 and 1010.
10
What is the greatest common divisor of 11872 and 53?
53
What is the highest common divisor of 200 and 54800?
200
Calculate the greatest common divisor of 175 and 625.
25
Calculate the highest common factor of 17 and 544.
17
Calculate the highest common divisor of 493 and 425.
17
What is the greatest common divisor of 25 and 2?
1
What is the greatest common factor of 130 and 510?
10
Calculate the highest common factor of 32 and 104.
8
Calculate the greatest common factor of 528 and 144.
48
What is the highest common factor of 18 and 1728?
18
Calculate the greatest common divisor of 36 and 4842.
18
Calculate the greatest common factor of 122 and 793.
61
Calculate the greatest common divisor of 320 and 880.
80
Calculate the highest common divisor of 13 and 1651.
13
What is the greatest common factor of 285 and 1349?
19
Calculate the greatest common divisor of 36 and 882.
18
What is the greatest common factor of 26082 and 84?
42
What is the greatest common factor of 395 and 474?
79
Calculate the greatest common divisor of 384 and 36.
12
What is the greatest common divisor of 5478 and 264?
66
What is the highest common factor of 341 and 11?
11
What is the greatest common factor of 2256 and 846?
282
Calculate the greatest common divisor of 110 and 100.
10
What is the greatest common divisor of 39 and 13?
13
What is the highest common divisor of 328 and 2419?
41
What is the greatest common factor of 105 and 5295?
15
Calculate the highest common factor of 16 and 664.
8
What is the highest common divisor of 8 and 298?
2
Calculate the greatest common factor of 2980 and 20.
20
What is the highest common factor of 2916 and 36?
36
Calculate the greatest common factor of 50 and 6950.
50
Calculate the highest common divisor of 187 and 102.
17
What is the greatest common factor of 2034 and 150?
6
Calculate the highest common factor of 4 and 8.
4
Calculate the highest common factor of 15652 and 182.
182
Calculate the highest common factor of 16 and 40.
8
What is the greatest common factor of 69 and 414?
69
Calculate the highest common factor of 1120 and 70.
70
What is the greatest common factor of 37 and 1591?
37
What is the highest common divisor of 14 and 37744?
14
Calculate the highest common factor of 1815 and 1485.
165
What is the greatest common divisor of 91 and 39?
13
Calculate the greatest common factor of 2544 and 53.
53
What is the highest common factor of 20 and 52?
4
What is the highest common divisor of 474 and 6?
6
Calculate the greatest common divisor of 18 and 657.
9
What is the greatest common factor of 3 and 15?
3
Calculate the highest common factor of 31 and 2.
1
Calculate the greatest common factor of 2418 and 31.
31
Calculate the highest common divisor of 986 and 306.
34
What is the highest common divisor of 20 and 18490?
10
What is the highest common factor of 250 and 160?
10
What is the greatest common factor of 9325 and 25?
25
What is the highest common divisor of 97225 and 25?
25
Calculate the highest common divisor of 108 and 2943.
27
What is the highest common divisor of 164 and 2788?
164
Calculate the highest common divisor of 5609 and 158.
79
Calculate the greatest common divisor of 55 and 1045.
55
Calculate the greatest common factor of 12804 and 22.
22
Calculate the greatest common divisor of 570 and 19.
19
Calculate the highest common divisor of 15 and 1569.
3
Calculate the highest common factor of 7 and 203.
7
What is the greatest common factor of 145 and 355?
5
Calculate the greatest common divisor of 232 and 1056.
8
What is the greatest common factor of 46 and 10649?
23
What is the greatest common divisor of 64 and 8?
8
Calculate the greatest common factor of 138 and 1150.
46
Calculate the greatest common divisor of 552 and 69.
69
Calculate the highest common factor of 7742 and 196.
98
Calculate the highest common divisor of 2250 and 9.
9
Calculate the greatest common factor of 189 and 140.
7
Calculate the greatest common factor of 732 and 12.
12
What is the highest common factor of 36 and 92?
4
What is the greatest common factor of 2592 and 320?
32
Calculate the greatest common divisor of 118 and 1298.
118
Calculate the greatest common factor of 3320 and 380.
20
What is the greatest common divisor of 370 and 10?
10
What is the highest common factor of 38 and 285?
19
What is the highest common divisor of 682 and 22?
22
Calculate the greatest common factor of 15 and 10080.
15
What is the highest common factor of 105 and 375?
15
What is the highest common factor of 34 and 102?
34
Calculate the highest common factor of 3 and 93.
3
What is the highest common factor of 156 and 429?
39
What is the highest common divisor of 77196 and 84?
84
What is the highest common divisor of 796 and 12?
4
Calculate the greatest common factor of 86 and 69746.
86
What is the highest common factor of 68 and 170?
34
What is the highest common factor of 584 and 2482?
146
Calculate the highest common factor of 100 and 12.
4
What is the highest common factor of 120 and 320?
40
Calculate the greatest common divisor of 2592 and 28.
4
What is the highest common divisor of 12 and 174?
6
Calculate the greatest common divisor of 59 and 2065.
59
What is the highest common factor of 56 and 64?
8
Calculate the greatest common divisor of 4 and 304.
4
What is the greatest common factor of 348 and 30972?
348
Calculate the highest common factor of 188 and 799.
47
What is the greatest common factor of 16 and 2?
2
What is the highest common factor of 10 and 15?
5
Calculate the highest common divisor of 4382 and 14.
14
What is the highest common divisor of 462 and 42?
42
Calculate the greatest common divisor of 976 and 61.
61
What is the greatest common divisor of 546 and 936?
78
Calculate the highest common divisor of 165 and 28545.
165
Calculate the greatest common factor of 5706 and 18.
18
Calculate the highest common factor of 2868 and 60.
12
What is the greatest common divisor of 1280 and 10?
10
What is the highest common factor of 160 and 440?
40
What is the greatest common factor of 7 and 413?
7
What is the greatest common divisor of 144 and 414?
18
What is the greatest common factor of 270 and 8235?
135
Calculate the greatest common factor of 35 and 1.
1
Calculate the greatest common divisor of 28 and 544.
4
What is the greatest common divisor of 32 and 72608?
32
Calculate the greatest common factor of 216 and 40.
8
Calculate the highest common factor of 4536 and 96.
24
What is the highest common factor of 4023 and 81?
27
What is the